[INFO] cloning repository https://github.com/system76/thelio-io-windows
[INFO] running `Command { std: "git" "-c" "credential.helper=" "-c" "credential.helper=/workspace/cargo-home/bin/git-credential-null" "clone" "--bare" "https://github.com/system76/thelio-io-windows" "/workspace/cache/git-repos/https%3A%2F%2Fgithub.com%2Fsystem76%2Fthelio-io-windows", kill_on_drop: false }`
[INFO] [stderr] Cloning into bare repository '/workspace/cache/git-repos/https%3A%2F%2Fgithub.com%2Fsystem76%2Fthelio-io-windows'...
[INFO] running `Command { std: "git" "rev-parse" "HEAD", kill_on_drop: false }`
[INFO] [stdout] 264b41a1fc7e02a76cd7da93fa34728506b503f5
[INFO] building system76/thelio-io-windows against master#ff34b919075f35a1787659e9c448a34b06bab8de for issue-85264
[INFO] running `Command { std: "git" "clone" "/workspace/cache/git-repos/https%3A%2F%2Fgithub.com%2Fsystem76%2Fthelio-io-windows" "/workspace/builds/worker-8/source", kill_on_drop: false }`
[INFO] [stderr] Cloning into '/workspace/builds/worker-8/source'...
[INFO] [stderr] done.
[INFO] validating manifest of git repo https://github.com/system76/thelio-io-windows on toolchain ff34b919075f35a1787659e9c448a34b06bab8de
[INFO] running `Command { std: "/workspace/cargo-home/bin/cargo" "+ff34b919075f35a1787659e9c448a34b06bab8de" "metadata" "--manifest-path" "Cargo.toml" "--no-deps", kill_on_drop: false }`
[INFO] removed /workspace/builds/worker-8/source/rust-toolchain
[INFO] started tweaking git repo https://github.com/system76/thelio-io-windows
[INFO] finished tweaking git repo https://github.com/system76/thelio-io-windows
[INFO] tweaked toml for git repo https://github.com/system76/thelio-io-windows written to /workspace/builds/worker-8/source/Cargo.toml
[INFO] crate git repo https://github.com/system76/thelio-io-windows already has a lockfile, it will not be regenerated
[INFO] running `Command { std: "/workspace/cargo-home/bin/cargo" "+ff34b919075f35a1787659e9c448a34b06bab8de" "fetch" "--manifest-path" "Cargo.toml", kill_on_drop: false }`
[INFO] running `Command { std: "docker" "create" "-v" "/var/lib/crater-agent-workspace/builds/worker-8/target:/opt/rustwide/target:rw,Z" "-v" "/var/lib/crater-agent-workspace/builds/worker-8/source:/opt/rustwide/workdir:ro,Z" "-v" "/var/lib/crater-agent-workspace/cargo-home:/opt/rustwide/cargo-home:ro,Z" "-v" "/var/lib/crater-agent-workspace/rustup-home:/opt/rustwide/rustup-home:ro,Z" "-e" "SOURCE_DIR=/opt/rustwide/workdir" "-e" "CARGO_TARGET_DIR=/opt/rustwide/target" "-e" "CARGO_HOME=/opt/rustwide/cargo-home" "-e" "RUSTUP_HOME=/opt/rustwide/rustup-home" "-w" "/opt/rustwide/workdir" "-m" "1610612736" "--user" "0:0" "--network" "none" "ghcr.io/rust-lang/crates-build-env/linux@sha256:20528e8c29e4536546f0102ce88568b16ea7538393a33fcca951030f7af10457" "/opt/rustwide/cargo-home/bin/cargo" "+ff34b919075f35a1787659e9c448a34b06bab8de" "metadata" "--no-deps" "--format-version=1", kill_on_drop: false }`
[INFO] [stdout] 2211c93ae1253c866b3110a7e098a3b6e4f1a5bb46c6303ea8584abc72d2f748
[INFO] [stderr] WARNING: Your kernel does not support swap limit capabilities or the cgroup is not mounted. Memory limited without swap.
[INFO] running `Command { std: "docker" "start" "-a" "2211c93ae1253c866b3110a7e098a3b6e4f1a5bb46c6303ea8584abc72d2f748", kill_on_drop: false }`
[INFO] running `Command { std: "docker" "inspect" "2211c93ae1253c866b3110a7e098a3b6e4f1a5bb46c6303ea8584abc72d2f748", kill_on_drop: false }`
[INFO] running `Command { std: "docker" "rm" "-f" "2211c93ae1253c866b3110a7e098a3b6e4f1a5bb46c6303ea8584abc72d2f748", kill_on_drop: false }`
[INFO] [stdout] 2211c93ae1253c866b3110a7e098a3b6e4f1a5bb46c6303ea8584abc72d2f748
[INFO] running `Command { std: "docker" "create" "-v" "/var/lib/crater-agent-workspace/builds/worker-8/target:/opt/rustwide/target:rw,Z" "-v" "/var/lib/crater-agent-workspace/builds/worker-8/source:/opt/rustwide/workdir:ro,Z" "-v" "/var/lib/crater-agent-workspace/cargo-home:/opt/rustwide/cargo-home:ro,Z" "-v" "/var/lib/crater-agent-workspace/rustup-home:/opt/rustwide/rustup-home:ro,Z" "-e" "SOURCE_DIR=/opt/rustwide/workdir" "-e" "CARGO_TARGET_DIR=/opt/rustwide/target" "-e" "CARGO_INCREMENTAL=0" "-e" "RUST_BACKTRACE=full" "-e" "RUSTFLAGS=--cap-lints=forbid" "-e" "CARGO_HOME=/opt/rustwide/cargo-home" "-e" "RUSTUP_HOME=/opt/rustwide/rustup-home" "-w" "/opt/rustwide/workdir" "-m" "1610612736" "--user" "0:0" "--network" "none" "ghcr.io/rust-lang/crates-build-env/linux@sha256:20528e8c29e4536546f0102ce88568b16ea7538393a33fcca951030f7af10457" "/opt/rustwide/cargo-home/bin/cargo" "+ff34b919075f35a1787659e9c448a34b06bab8de" "build" "--frozen" "--message-format=json", kill_on_drop: false }`
[INFO] [stdout] 7e06dfc07990e30ee554db380ad2ac0d250269a70410c69e47196d50d8cd0b7d
[INFO] [stderr] WARNING: Your kernel does not support swap limit capabilities or the cgroup is not mounted. Memory limited without swap.
[INFO] running `Command { std: "docker" "start" "-a" "7e06dfc07990e30ee554db380ad2ac0d250269a70410c69e47196d50d8cd0b7d", kill_on_drop: false }`
[INFO] [stderr]    Compiling memchr v2.4.0
[INFO] [stderr]    Compiling serde v1.0.125
[INFO] [stderr]    Compiling libc v0.2.94
[INFO] [stderr]    Compiling pkg-config v0.3.19
[INFO] [stderr]    Compiling byteorder v1.4.3
[INFO] [stderr]    Compiling bitflags v1.2.1
[INFO] [stderr]    Compiling winapi v0.3.9
[INFO] [stderr]    Compiling log v0.4.14
[INFO] [stderr]    Compiling nix v0.16.1
[INFO] [stderr]    Compiling cfg-if v0.1.10
[INFO] [stderr]    Compiling windows-service v0.3.1
[INFO] [stderr]    Compiling getopts v0.2.21
[INFO] [stderr]    Compiling generic-array v0.12.4
[INFO] [stderr]    Compiling digest v0.8.1
[INFO] [stderr]    Compiling block-buffer v0.7.3
[INFO] [stderr]    Compiling smbios-lib v0.7.3
[INFO] [stderr]    Compiling sha2 v0.8.2
[INFO] [stderr]    Compiling aho-corasick v0.7.18
[INFO] [stderr]    Compiling libudev-sys v0.1.4
[INFO] [stderr]    Compiling winreg v0.5.1
[INFO] [stdout] error[E0433]: failed to resolve: could not find `windows` in `os`
[INFO] [stdout]    --> /opt/rustwide/cargo-home/registry/src/github.com-1ecc6299db9ec823/winreg-0.5.1/src/lib.rs:103:14
[INFO] [stdout]     |
[INFO] [stdout] 103 | use std::os::windows::ffi::OsStrExt;
[INFO] [stdout]     |              ^^^^^^^ could not find `windows` in `os`
[INFO] [stdout] 
[INFO] [stdout] 
[INFO] [stdout] error[E0433]: failed to resolve: could not find `shared` in `winapi`
[INFO] [stdout]    --> /opt/rustwide/cargo-home/registry/src/github.com-1ecc6299db9ec823/winreg-0.5.1/src/lib.rs:107:17
[INFO] [stdout]     |
[INFO] [stdout] 107 | pub use winapi::shared::minwindef::HKEY;
[INFO] [stdout]     |                 ^^^^^^ could not find `shared` in `winapi`
[INFO] [stdout] 
[INFO] [stdout] 
[INFO] [stdout] error[E0433]: failed to resolve: could not find `shared` in `winapi`
[INFO] [stdout]    --> /opt/rustwide/cargo-home/registry/src/github.com-1ecc6299db9ec823/winreg-0.5.1/src/lib.rs:108:13
[INFO] [stdout]     |
[INFO] [stdout] 108 | use winapi::shared::minwindef::{DWORD, BYTE, LPBYTE};
[INFO] [stdout]     |             ^^^^^^ could not find `shared` in `winapi`
[INFO] [stdout] 
[INFO] [stdout] 
[INFO] [stdout] error[E0432]: unresolved import `winapi::shared`
[INFO] [stdout]    --> /opt/rustwide/cargo-home/registry/src/github.com-1ecc6299db9ec823/winreg-0.5.1/src/lib.rs:106:13
[INFO] [stdout]     |
[INFO] [stdout] 106 | use winapi::shared::winerror;
[INFO] [stdout]     |             ^^^^^^ could not find `shared` in `winapi`
[INFO] [stdout] 
[INFO] [stdout] 
[INFO] [stdout] error[E0433]: failed to resolve: could not find `um` in `winapi`
[INFO] [stdout]    --> /opt/rustwide/cargo-home/registry/src/github.com-1ecc6299db9ec823/winreg-0.5.1/src/lib.rs:109:13
[INFO] [stdout]     |
[INFO] [stdout] 109 | use winapi::um::winnt::{self, WCHAR};
[INFO] [stdout]     |             ^^ could not find `um` in `winapi`
[INFO] [stdout] 
[INFO] [stdout] 
[INFO] [stdout] error[E0432]: unresolved import `winapi::um`
[INFO] [stdout]    --> /opt/rustwide/cargo-home/registry/src/github.com-1ecc6299db9ec823/winreg-0.5.1/src/lib.rs:109:13
[INFO] [stdout]     |
[INFO] [stdout] 109 | use winapi::um::winnt::{self, WCHAR};
[INFO] [stdout]     |             ^^ could not find `um` in `winapi`
[INFO] [stdout] 
[INFO] [stdout] 
[INFO] [stdout] error[E0433]: failed to resolve: could not find `um` in `winapi`
[INFO] [stdout]  --> /opt/rustwide/cargo-home/registry/src/github.com-1ecc6299db9ec823/winreg-0.5.1/src/enums.rs:9:17
[INFO] [stdout]   |
[INFO] [stdout] 9 | pub use winapi::um::winreg::{HKEY_CLASSES_ROOT,
[INFO] [stdout]   |                 ^^ could not find `um` in `winapi`
[INFO] [stdout] 
[INFO] [stdout] 
[INFO] [stdout] error[E0433]: failed to resolve: could not find `um` in `winapi`
[INFO] [stdout]   --> /opt/rustwide/cargo-home/registry/src/github.com-1ecc6299db9ec823/winreg-0.5.1/src/enums.rs:19:17
[INFO] [stdout]    |
[INFO] [stdout] 19 | pub use winapi::um::winnt::{KEY_QUERY_VALUE,
[INFO] [stdout]    |                 ^^ could not find `um` in `winapi`
[INFO] [stdout] 
[INFO] [stdout] 
[INFO] [stdout] error[E0433]: failed to resolve: could not find `windows` in `os`
[INFO] [stdout]   --> /opt/rustwide/cargo-home/registry/src/github.com-1ecc6299db9ec823/winreg-0.5.1/src/types.rs:11:14
[INFO] [stdout]    |
[INFO] [stdout] 11 | use std::os::windows::ffi::{OsStrExt,OsStringExt};
[INFO] [stdout]    |              ^^^^^^^ could not find `windows` in `os`
[INFO] [stdout] 
[INFO] [stdout] 
[INFO] [stdout] error[E0432]: unresolved import `winapi::um`
[INFO] [stdout]    --> /opt/rustwide/cargo-home/registry/src/github.com-1ecc6299db9ec823/winreg-0.5.1/src/lib.rs:110:13
[INFO] [stdout]     |
[INFO] [stdout] 110 | use winapi::um::winreg as winapi_reg;
[INFO] [stdout]     |             ^^ could not find `um` in `winapi`
[INFO] [stdout] 
[INFO] [stdout] 
[INFO] [stdout] error[E0432]: unresolved import `super::winapi::shared`
[INFO] [stdout]   --> /opt/rustwide/cargo-home/registry/src/github.com-1ecc6299db9ec823/winreg-0.5.1/src/types.rs:12:20
[INFO] [stdout]    |
[INFO] [stdout] 12 | use super::winapi::shared::winerror;
[INFO] [stdout]    |                    ^^^^^^ could not find `shared` in `winapi`
[INFO] [stdout] 
[INFO] [stdout] 
[INFO] [stdout] error[E0433]: failed to resolve: could not find `um` in `winapi`
[INFO] [stdout]   --> /opt/rustwide/cargo-home/registry/src/github.com-1ecc6299db9ec823/winreg-0.5.1/src/enums.rs:39:29
[INFO] [stdout]    |
[INFO] [stdout] 39 |               $( $v = winapi::um::winnt::$v as isize ),*
[INFO] [stdout]    |                               ^^ could not find `um` in `winapi`
[INFO] [stdout] ...
[INFO] [stdout] 44 | / winapi_enum!(RegType, "Enumeration of possible registry value types" => [
[INFO] [stdout] 45 | | REG_NONE,
[INFO] [stdout] 46 | | REG_SZ,
[INFO] [stdout] 47 | | REG_EXPAND_SZ,
[INFO] [stdout] ...  |
[INFO] [stdout] 56 | | REG_QWORD
[INFO] [stdout] 57 | | ]);
[INFO] [stdout]    | |___- in this macro invocation
[INFO] [stdout]    |
[INFO] [stdout]    = note: this error originates in a macro (in Nightly builds, run with -Z macro-backtrace for more info)
[INFO] [stdout] 
[INFO] [stdout] 
[INFO] [stdout] error[E0412]: cannot find type `DWORD` in this scope
[INFO] [stdout]    --> /opt/rustwide/cargo-home/registry/src/github.com-1ecc6299db9ec823/winreg-0.5.1/src/lib.rs:136:19
[INFO] [stdout]     |
[INFO] [stdout] 136 |     pub sub_keys: DWORD,
[INFO] [stdout]     |                   ^^^^^ not found in this scope
[INFO] [stdout] 
[INFO] [stdout] 
[INFO] [stdout] error[E0412]: cannot find type `DWORD` in this scope
[INFO] [stdout]    --> /opt/rustwide/cargo-home/registry/src/github.com-1ecc6299db9ec823/winreg-0.5.1/src/lib.rs:137:26
[INFO] [stdout]     |
[INFO] [stdout] 137 |     pub max_sub_key_len: DWORD,
[INFO] [stdout]     |                          ^^^^^ not found in this scope
[INFO] [stdout] 
[INFO] [stdout] 
[INFO] [stdout] error[E0412]: cannot find type `DWORD` in this scope
[INFO] [stdout]    --> /opt/rustwide/cargo-home/registry/src/github.com-1ecc6299db9ec823/winreg-0.5.1/src/lib.rs:138:24
[INFO] [stdout]     |
[INFO] [stdout] 138 |     pub max_class_len: DWORD,
[INFO] [stdout]     |                        ^^^^^ not found in this scope
[INFO] [stdout] 
[INFO] [stdout] 
[INFO] [stdout] error[E0412]: cannot find type `DWORD` in this scope
[INFO] [stdout]    --> /opt/rustwide/cargo-home/registry/src/github.com-1ecc6299db9ec823/winreg-0.5.1/src/lib.rs:139:17
[INFO] [stdout]     |
[INFO] [stdout] 139 |     pub values: DWORD,
[INFO] [stdout]     |                 ^^^^^ not found in this scope
[INFO] [stdout] 
[INFO] [stdout] 
[INFO] [stdout] error[E0412]: cannot find type `DWORD` in this scope
[INFO] [stdout]    --> /opt/rustwide/cargo-home/registry/src/github.com-1ecc6299db9ec823/winreg-0.5.1/src/lib.rs:140:29
[INFO] [stdout]     |
[INFO] [stdout] 140 |     pub max_value_name_len: DWORD,
[INFO] [stdout]     |                             ^^^^^ not found in this scope
[INFO] [stdout] 
[INFO] [stdout] 
[INFO] [stdout] error[E0412]: cannot find type `DWORD` in this scope
[INFO] [stdout]    --> /opt/rustwide/cargo-home/registry/src/github.com-1ecc6299db9ec823/winreg-0.5.1/src/lib.rs:141:24
[INFO] [stdout]     |
[INFO] [stdout] 141 |     pub max_value_len: DWORD,
[INFO] [stdout]     |                        ^^^^^ not found in this scope
[INFO] [stdout] 
[INFO] [stdout] 
[INFO] [stdout] error[E0412]: cannot find type `HKEY` in this scope
[INFO] [stdout]    --> /opt/rustwide/cargo-home/registry/src/github.com-1ecc6299db9ec823/winreg-0.5.1/src/lib.rs:183:11
[INFO] [stdout]     |
[INFO] [stdout] 183 |     hkey: HKEY,
[INFO] [stdout]     |           ^^^^ not found in this scope
[INFO] [stdout] 
[INFO] [stdout] 
[INFO] [stdout] error[E0412]: cannot find type `HKEY` in this scope
[INFO] [stdout]    --> /opt/rustwide/cargo-home/registry/src/github.com-1ecc6299db9ec823/winreg-0.5.1/src/lib.rs:209:25
[INFO] [stdout]     |
[INFO] [stdout] 209 |     pub fn predef(hkey: HKEY) -> RegKey {
[INFO] [stdout]     |                         ^^^^ not found in this scope
[INFO] [stdout] 
[INFO] [stdout] 
[INFO] [stdout] error[E0412]: cannot find type `HKEY` in this scope
[INFO] [stdout]    --> /opt/rustwide/cargo-home/registry/src/github.com-1ecc6299db9ec823/winreg-0.5.1/src/lib.rs:224:33
[INFO] [stdout]     |
[INFO] [stdout] 224 |     pub fn raw_handle(&self) -> HKEY {
[INFO] [stdout]     |                                 ^^^^ not found in this scope
[INFO] [stdout] 
[INFO] [stdout] 
[INFO] [stdout] error[E0425]: cannot find value `KEY_READ` in module `enums`
[INFO] [stdout]    --> /opt/rustwide/cargo-home/registry/src/github.com-1ecc6299db9ec823/winreg-0.5.1/src/lib.rs:242:50
[INFO] [stdout]     |
[INFO] [stdout] 242 |         self.open_subkey_with_flags(path, enums::KEY_READ)
[INFO] [stdout]     |                                                  ^^^^^^^^ not found in `enums`
[INFO] [stdout] 
[INFO] [stdout] 
[INFO] [stdout] error[E0412]: cannot find type `HKEY` in this scope
[INFO] [stdout]    --> /opt/rustwide/cargo-home/registry/src/github.com-1ecc6299db9ec823/winreg-0.5.1/src/lib.rs:258:27
[INFO] [stdout]     |
[INFO] [stdout] 258 |         let mut new_hkey: HKEY = ptr::null_mut();
[INFO] [stdout]     |                           ^^^^ not found in this scope
[INFO] [stdout] 
[INFO] [stdout] 
[INFO] [stdout] error[E0412]: cannot find type `DWORD` in this scope
[INFO] [stdout]    --> /opt/rustwide/cargo-home/registry/src/github.com-1ecc6299db9ec823/winreg-0.5.1/src/lib.rs:266:18
[INFO] [stdout]     |
[INFO] [stdout] 266 |             ) as DWORD
[INFO] [stdout]     |                  ^^^^^ not found in this scope
[INFO] [stdout] 
[INFO] [stdout] 
[INFO] [stdout] error[E0425]: cannot find value `KEY_ALL_ACCESS` in module `enums`
[INFO] [stdout]    --> /opt/rustwide/cargo-home/registry/src/github.com-1ecc6299db9ec823/winreg-0.5.1/src/lib.rs:317:52
[INFO] [stdout]     |
[INFO] [stdout] 317 |         self.create_subkey_with_flags(path, enums::KEY_ALL_ACCESS)
[INFO] [stdout]     |                                                    ^^^^^^^^^^^^^^ not found in `enums`
[INFO] [stdout] 
[INFO] [stdout] 
[INFO] [stdout] error[E0412]: cannot find type `HKEY` in this scope
[INFO] [stdout]    --> /opt/rustwide/cargo-home/registry/src/github.com-1ecc6299db9ec823/winreg-0.5.1/src/lib.rs:322:27
[INFO] [stdout]     |
[INFO] [stdout] 322 |         let mut new_hkey: HKEY = ptr::null_mut();
[INFO] [stdout]     |                           ^^^^ not found in this scope
[INFO] [stdout] 
[INFO] [stdout] 
[INFO] [stdout] error[E0412]: cannot find type `DWORD` in this scope
[INFO] [stdout]    --> /opt/rustwide/cargo-home/registry/src/github.com-1ecc6299db9ec823/winreg-0.5.1/src/lib.rs:323:23
[INFO] [stdout]     |
[INFO] [stdout] 323 |         let mut disp: DWORD = 0;
[INFO] [stdout]     |                       ^^^^^ not found in this scope
[INFO] [stdout] 
[INFO] [stdout] 
[INFO] [stdout] error[E0412]: cannot find type `DWORD` in this scope
[INFO] [stdout]    --> /opt/rustwide/cargo-home/registry/src/github.com-1ecc6299db9ec823/winreg-0.5.1/src/lib.rs:419:18
[INFO] [stdout]     |
[INFO] [stdout] 419 |             ) as DWORD
[INFO] [stdout]     |                  ^^^^^ not found in this scope
[INFO] [stdout] 
[INFO] [stdout] 
[INFO] [stdout] error[E0412]: cannot find type `DWORD` in this scope
[INFO] [stdout]    --> /opt/rustwide/cargo-home/registry/src/github.com-1ecc6299db9ec823/winreg-0.5.1/src/lib.rs:481:18
[INFO] [stdout]     |
[INFO] [stdout] 481 |             ) as DWORD
[INFO] [stdout]     |                  ^^^^^ not found in this scope
[INFO] [stdout] 
[INFO] [stdout] 
[INFO] [stdout] error[E0412]: cannot find type `DWORD` in this scope
[INFO] [stdout]    --> /opt/rustwide/cargo-home/registry/src/github.com-1ecc6299db9ec823/winreg-0.5.1/src/lib.rs:531:18
[INFO] [stdout]     |
[INFO] [stdout] 531 |             ) as DWORD
[INFO] [stdout]     |                  ^^^^^ not found in this scope
[INFO] [stdout] 
[INFO] [stdout] 
[INFO] [stdout] error[E0412]: cannot find type `DWORD` in this scope
[INFO] [stdout]    --> /opt/rustwide/cargo-home/registry/src/github.com-1ecc6299db9ec823/winreg-0.5.1/src/lib.rs:574:26
[INFO] [stdout]     |
[INFO] [stdout] 574 |         let mut buf_len: DWORD = 2048;
[INFO] [stdout]     |                          ^^^^^ not found in this scope
[INFO] [stdout] 
[INFO] [stdout] 
[INFO] [stdout] error[E0412]: cannot find type `DWORD` in this scope
[INFO] [stdout]    --> /opt/rustwide/cargo-home/registry/src/github.com-1ecc6299db9ec823/winreg-0.5.1/src/lib.rs:575:27
[INFO] [stdout]     |
[INFO] [stdout] 575 |         let mut buf_type: DWORD = 0;
[INFO] [stdout]     |                           ^^^^^ not found in this scope
[INFO] [stdout] 
[INFO] [stdout] 
[INFO] [stdout] error[E0412]: cannot find type `LPBYTE` in this scope
[INFO] [stdout]    --> /opt/rustwide/cargo-home/registry/src/github.com-1ecc6299db9ec823/winreg-0.5.1/src/lib.rs:584:41
[INFO] [stdout]     |
[INFO] [stdout] 584 |                     buf.as_mut_ptr() as LPBYTE,
[INFO] [stdout]     |                                         ^^^^^^ not found in this scope
[INFO] [stdout] 
[INFO] [stdout] 
[INFO] [stdout] error[E0412]: cannot find type `DWORD` in this scope
[INFO] [stdout]    --> /opt/rustwide/cargo-home/registry/src/github.com-1ecc6299db9ec823/winreg-0.5.1/src/lib.rs:586:22
[INFO] [stdout]     |
[INFO] [stdout] 586 |                 ) as DWORD
[INFO] [stdout]     |                      ^^^^^ not found in this scope
[INFO] [stdout] 
[INFO] [stdout] 
[INFO] [stdout] error[E0412]: cannot find type `DWORD` in this scope
[INFO] [stdout]    --> /opt/rustwide/cargo-home/registry/src/github.com-1ecc6299db9ec823/winreg-0.5.1/src/lib.rs:640:40
[INFO] [stdout]     |
[INFO] [stdout] 640 |         let t = value.vtype.clone() as DWORD;
[INFO] [stdout]     |                                        ^^^^^ not found in this scope
[INFO] [stdout] 
[INFO] [stdout] 
[INFO] [stdout] error[E0412]: cannot find type `BYTE` in this scope
[INFO] [stdout]    --> /opt/rustwide/cargo-home/registry/src/github.com-1ecc6299db9ec823/winreg-0.5.1/src/lib.rs:647:48
[INFO] [stdout]     |
[INFO] [stdout] 647 |                 value.bytes.as_ptr() as *const BYTE,
[INFO] [stdout]     |                                                ^^^^ not found in this scope
[INFO] [stdout] 
[INFO] [stdout] 
[INFO] [stdout] error[E0412]: cannot find type `DWORD` in this scope
[INFO] [stdout]    --> /opt/rustwide/cargo-home/registry/src/github.com-1ecc6299db9ec823/winreg-0.5.1/src/lib.rs:649:18
[INFO] [stdout]     |
[INFO] [stdout] 649 |             ) as DWORD
[INFO] [stdout]     |                  ^^^^^ not found in this scope
[INFO] [stdout] 
[INFO] [stdout] 
[INFO] [stdout] error[E0412]: cannot find type `DWORD` in this scope
[INFO] [stdout]    --> /opt/rustwide/cargo-home/registry/src/github.com-1ecc6299db9ec823/winreg-0.5.1/src/lib.rs:674:18
[INFO] [stdout]     |
[INFO] [stdout] 674 |             ) as DWORD
[INFO] [stdout]     |                  ^^^^^ not found in this scope
[INFO] [stdout] 
[INFO] [stdout] 
[INFO] [stdout] error[E0425]: cannot find value `HKEY_CLASSES_ROOT` in module `enums`
[INFO] [stdout]    --> /opt/rustwide/cargo-home/registry/src/github.com-1ecc6299db9ec823/winreg-0.5.1/src/lib.rs:775:32
[INFO] [stdout]     |
[INFO] [stdout] 775 |         if self.hkey >= enums::HKEY_CLASSES_ROOT { return Ok(()) };
[INFO] [stdout]     |                                ^^^^^^^^^^^^^^^^^ not found in `enums`
[INFO] [stdout] 
[INFO] [stdout] 
[INFO] [stdout] error[E0412]: cannot find type `DWORD` in this scope
[INFO] [stdout]    --> /opt/rustwide/cargo-home/registry/src/github.com-1ecc6299db9ec823/winreg-0.5.1/src/lib.rs:777:51
[INFO] [stdout]     |
[INFO] [stdout] 777 |             winapi_reg::RegCloseKey(self.hkey) as DWORD
[INFO] [stdout]     |                                                   ^^^^^ not found in this scope
[INFO] [stdout] 
[INFO] [stdout] 
[INFO] [stdout] error[E0412]: cannot find type `DWORD` in this scope
[INFO] [stdout]    --> /opt/rustwide/cargo-home/registry/src/github.com-1ecc6299db9ec823/winreg-0.5.1/src/lib.rs:784:31
[INFO] [stdout]     |
[INFO] [stdout] 784 |     fn enum_key(&self, index: DWORD) -> Option<io::Result<String>> {
[INFO] [stdout]     |                               ^^^^^ not found in this scope
[INFO] [stdout] 
[INFO] [stdout] 
[INFO] [stdout] error[E0412]: cannot find type `WCHAR` in this scope
[INFO] [stdout]    --> /opt/rustwide/cargo-home/registry/src/github.com-1ecc6299db9ec823/winreg-0.5.1/src/lib.rs:786:30
[INFO] [stdout]     |
[INFO] [stdout] 786 |         let mut name = [0 as WCHAR; 2048];
[INFO] [stdout]     |                              ^^^^^ not found in this scope
[INFO] [stdout] 
[INFO] [stdout] 
[INFO] [stdout] error[E0412]: cannot find type `DWORD` in this scope
[INFO] [stdout]    --> /opt/rustwide/cargo-home/registry/src/github.com-1ecc6299db9ec823/winreg-0.5.1/src/lib.rs:797:18
[INFO] [stdout]     |
[INFO] [stdout] 797 |             ) as DWORD
[INFO] [stdout]     |                  ^^^^^ not found in this scope
[INFO] [stdout] 
[INFO] [stdout] 
[INFO] [stdout] error[E0412]: cannot find type `DWORD` in this scope
[INFO] [stdout]    --> /opt/rustwide/cargo-home/registry/src/github.com-1ecc6299db9ec823/winreg-0.5.1/src/lib.rs:812:33
[INFO] [stdout]     |
[INFO] [stdout] 812 |     fn enum_value(&self, index: DWORD) -> Option<io::Result<(String, RegValue)>> {
[INFO] [stdout]     |                                 ^^^^^ not found in this scope
[INFO] [stdout] 
[INFO] [stdout] 
[INFO] [stdout] error[E0412]: cannot find type `WCHAR` in this scope
[INFO] [stdout]    --> /opt/rustwide/cargo-home/registry/src/github.com-1ecc6299db9ec823/winreg-0.5.1/src/lib.rs:814:30
[INFO] [stdout]     |
[INFO] [stdout] 814 |         let mut name = [0 as WCHAR; 2048];
[INFO] [stdout]     |                              ^^^^^ not found in this scope
[INFO] [stdout] 
[INFO] [stdout] 
[INFO] [stdout] error[E0412]: cannot find type `DWORD` in this scope
[INFO] [stdout]    --> /opt/rustwide/cargo-home/registry/src/github.com-1ecc6299db9ec823/winreg-0.5.1/src/lib.rs:816:26
[INFO] [stdout]     |
[INFO] [stdout] 816 |         let mut buf_len: DWORD = 2048;
[INFO] [stdout]     |                          ^^^^^ not found in this scope
[INFO] [stdout] 
[INFO] [stdout] 
[INFO] [stdout] error[E0412]: cannot find type `DWORD` in this scope
[INFO] [stdout]    --> /opt/rustwide/cargo-home/registry/src/github.com-1ecc6299db9ec823/winreg-0.5.1/src/lib.rs:817:27
[INFO] [stdout]     |
[INFO] [stdout] 817 |         let mut buf_type: DWORD = 0;
[INFO] [stdout]     |                           ^^^^^ not found in this scope
[INFO] [stdout] 
[INFO] [stdout] 
[INFO] [stdout] error[E0412]: cannot find type `LPBYTE` in this scope
[INFO] [stdout]    --> /opt/rustwide/cargo-home/registry/src/github.com-1ecc6299db9ec823/winreg-0.5.1/src/lib.rs:828:41
[INFO] [stdout]     |
[INFO] [stdout] 828 |                     buf.as_mut_ptr() as LPBYTE,
[INFO] [stdout]     |                                         ^^^^^^ not found in this scope
[INFO] [stdout] 
[INFO] [stdout] 
[INFO] [stdout] error[E0412]: cannot find type `DWORD` in this scope
[INFO] [stdout]    --> /opt/rustwide/cargo-home/registry/src/github.com-1ecc6299db9ec823/winreg-0.5.1/src/lib.rs:830:22
[INFO] [stdout]     |
[INFO] [stdout] 830 |                 ) as DWORD
[INFO] [stdout]     |                      ^^^^^ not found in this scope
[INFO] [stdout] 
[INFO] [stdout] 
[INFO] [stdout] error[E0412]: cannot find type `DWORD` in this scope
[INFO] [stdout]    --> /opt/rustwide/cargo-home/registry/src/github.com-1ecc6299db9ec823/winreg-0.5.1/src/lib.rs:866:12
[INFO] [stdout]     |
[INFO] [stdout] 866 |     index: DWORD,
[INFO] [stdout]     |            ^^^^^ not found in this scope
[INFO] [stdout] 
[INFO] [stdout] 
[INFO] [stdout] error[E0412]: cannot find type `DWORD` in this scope
[INFO] [stdout]    --> /opt/rustwide/cargo-home/registry/src/github.com-1ecc6299db9ec823/winreg-0.5.1/src/lib.rs:886:12
[INFO] [stdout]     |
[INFO] [stdout] 886 |     index: DWORD,
[INFO] [stdout]     |            ^^^^^ not found in this scope
[INFO] [stdout] 
[INFO] [stdout] 
[INFO] [stdout] error[E0283]: type annotations needed
[INFO] [stdout]    --> /opt/rustwide/cargo-home/registry/src/github.com-1ecc6299db9ec823/winreg-0.5.1/src/lib.rs:136:5
[INFO] [stdout]     |
[INFO] [stdout] 136 |     pub sub_keys: DWORD,
[INFO] [stdout]     |     ^^^^^^^^^^^^^^^^^^^ cannot infer type
[INFO] [stdout]     |
[INFO] [stdout]     = note: cannot satisfy `_: Default`
[INFO] [stdout]     = note: required by `std::default::Default::default`
[INFO] [stdout]     = note: this error originates in a derive macro (in Nightly builds, run with -Z macro-backtrace for more info)
[INFO] [stdout] 
[INFO] [stdout] 
[INFO] [stdout] error[E0599]: no method named `encode_wide` found for reference `&OsStr` in the current scope
[INFO] [stdout]    --> /opt/rustwide/cargo-home/registry/src/github.com-1ecc6299db9ec823/winreg-0.5.1/src/lib.rs:904:16
[INFO] [stdout]     |
[INFO] [stdout] 904 |     s.as_ref().encode_wide().chain(Some(0).into_iter()).collect()
[INFO] [stdout]     |                ^^^^^^^^^^^ method not found in `&OsStr`
[INFO] [stdout] 
[INFO] [stdout] 
[INFO] [stdout] error[E0599]: no function or associated item named `from_wide` found for struct `OsString` in the current scope
[INFO] [stdout]   --> /opt/rustwide/cargo-home/registry/src/github.com-1ecc6299db9ec823/winreg-0.5.1/src/types.rs:54:35
[INFO] [stdout]    |
[INFO] [stdout] 54 |                 let s = OsString::from_wide(words);
[INFO] [stdout]    |                                   ^^^^^^^^^ function or associated item not found in `OsString`
[INFO] [stdout] 
[INFO] [stdout] 
[INFO] [stdout] error[E0599]: no method named `encode_wide` found for reference `&&'a OsStr` in the current scope
[INFO] [stdout]    --> /opt/rustwide/cargo-home/registry/src/github.com-1ecc6299db9ec823/winreg-0.5.1/src/types.rs:113:37
[INFO] [stdout]     |
[INFO] [stdout] 113 |             bytes: v16_to_v8(&(self.encode_wide().collect::<Vec<_>>())),
[INFO] [stdout]     |                                     ^^^^^^^^^^^ method not found in `&&'a OsStr`
[INFO] [stdout] 
[INFO] [stdout] 
[INFO] [stdout] error: aborting due to 55 previous errors
[INFO] [stdout] 
[INFO] [stdout] 
[INFO] [stdout] Some errors have detailed explanations: E0283, E0412, E0425, E0432, E0433, E0599.
[INFO] [stdout] 
[INFO] [stdout] For more information about an error, try `rustc --explain E0283`.
[INFO] [stdout] 
[INFO] [stderr] error: could not compile `winreg`
[INFO] [stderr] 
[INFO] [stderr] To learn more, run the command again with --verbose.
[INFO] [stderr] warning: build failed, waiting for other jobs to finish...
[INFO] [stderr] error: build failed
[INFO] running `Command { std: "docker" "inspect" "7e06dfc07990e30ee554db380ad2ac0d250269a70410c69e47196d50d8cd0b7d", kill_on_drop: false }`
[INFO] running `Command { std: "docker" "rm" "-f" "7e06dfc07990e30ee554db380ad2ac0d250269a70410c69e47196d50d8cd0b7d", kill_on_drop: false }`
[INFO] [stdout] 7e06dfc07990e30ee554db380ad2ac0d250269a70410c69e47196d50d8cd0b7d
